hat is -4 - (-4 + 6) - 4?
-10
What is 0 + 4 + (-4 - 2) - 1 - 4?
-7
Calculate 8 - (10 - 2 - (-7 - -6)).
-1
What is -6 - (4 + -12 + -4) - 7 - -22?
21
What is (-16 - -3) + 35 + -16 + -21?
-15
3 + (4 + -6 - 21) - -4
-16
Evaluate (1 - -7) + (-21 - -8) + (8 - -3).
6
59 + -59 - (-5 - 16)
21
Calculate 19 + (-18 - -4) + 7 - 34.
-22
Evaluate 12 - (42 - 15) - -23.
8
What is the value of -4 - (6 + -23) - 12?
1
What is the value of -12 + 77 + -32 - 7?
26
What is (-1723 - -1677) + (38 - 0)?
-8
Evaluate 5 - (1 - (-8 + 0)).
-4
What is 41 + -47 + -2 + -1?
-9
What is 6 + (-5 - -18) + -8 + -9?
2
What is the value of -24 + 23 - (-2 + 15 + (4 - 6))?
-12
What is -4 - (-9 + (-3 - (1 + -9)) + 4)?
-4
What is the value of -1 + 4 + 3 - ((5 - -2) + -13)?
12
-1 - (10 - (9 + -2 - -9))
5
Calculate (-30 + 34 - 31) + 14.
-13
Evaluate (-2 - (-2 + -2 + 5 - 4)) + 3.
4
What is -21 + 28 + -6 - (14 + -2)?
-11
What is the value of (-1 - 0) + -6 - (1662 - 1686)?
17
What is 0 + (9 - (16 - 15))?
8
What is the value of 17 + 4 + -12 - 9?
0
What is the value of 22 + (-7 - (-10 + -5 - -8))?
22
What is -2 + (0 + -14 - ((23 - 30) + 14))?
-23
Evaluate (-17 - (-44 + -13)) + -28.
12
What is 2 + (-3 - -1) - (-963 - -954)?
9
What is the value of 11 + -25 + (-8 - -24)?
2
2 + 4 + (-10 - -4 - 14) - -1
-13
What is (-1 - -14) + -101 + 106?
18
What is the value of (10 - (-8 + 4 + 1)) + -6?
7
-8 + (-6 - (10 - 20))
-4
What is the value of -6 - -6 - (-5 + 5 + -2)?
2
28 + (-9 - 1) + (-165 - -155)
8
What is the value of (-1 - 15) + (-341 - -367)?
10
Evaluate (36 - 43 - (1 + -6)) + 12.
10
What is the value of 8 - 38 - (-10 - 4) - 1?
-17
Calculate 40 - (17 - -22) - -4.
5
2 + -23 - -17 - (-3 + 24)
-25
What is the value of -14 - ((1 - (5 - 4)) + -3)?
-11
What is 31 - 38 - (2 + -4 + 4 - -1)?
-10
-12 - (-2 + 6 - (3 - 0))
-13
3 - (-2 - -3) - (-23 + -20 + 47)
-2
What is the value of -26 + -3 + (-2 - -11) - -6?
-14
What is the value of -8 + -3 + 0 + 8 - (2 - -2)?
-7
8 + -4 + -8 - -9 - (2 + -3)
6
(41 - 19) + -7 + -45
-30
Evaluate (-3 - (-11 - -9)) + 5.
4
Calculate 5 + (-1 + 5 - 6 - -9) + -3.
9
What is the value of (-23 - -2) + -5 - -11?
-15
Evaluate (-10 - (-12 - -1)) + 0.
1
Calculate -22 + (-6 - 8) - -14 - 8.
-30
Evaluate (9 - (-5 + 10)) + -20 + 1 + 2.
-13
What is (-1 - 7) + -4 + (-19 - -35)?
4
Calculate -1 + (-18 - 1) + 6 + 4 + -21.
-31
Calculate 13 + (8 - ((-1 - -10) + -5)) - -6.
23
-8 + (3 - -11) + (1 - (0 + 28))
-21
What is -7 - -2 - (10 + (-11 - 31)) - 3?
24
What is -14 - ((-2 - 12) + -74 + 83)?
-9
Evaluate 26 + -14 - 5 - 21.
-14
Evaluate -21 + 4 - (0 + 3 + -2).
-18
What is (15 + (-1 - -1) - (-183 - -188)) + -2?
8
Calculate 2 + (8 - 11 - (0 - (3 - 3))).
-1
4 + -1 + -4 + (-12 - -24)
11
What is the value of -3 + (2 - 6 - -4) + -3?
-6
What is (-4 - (3 - -1) - 1) + 13 + -9?
-5
Evaluate -12 + 2 + (76 - 77) - -11.
0
Evaluate -9 + 17 + -11 + 2.
-1
(-2 - -19) + -30 + (20 - -1)
8
What is (-5 + 0 - -5) + -5 - (0 - -7)?
-12
What is (-11 + 20 - 0) + 7 + (-4 - 1)?
11
Calculate -8 + (11 - (-6 - -20)) + 5 + -2.
-8
Calculate 14 + -1 - (84 - 45 - 23).
-3
-10 - (-14 + 18) - -6
-8
What is -7 - (-1 - (-22 - -37))?
9
Evaluate 47 + -40 - (1 + (2 - -11)).
-7
What is the value of 3 + -2 + 1 - (128 + -117)?
-9
What is the value of (2 - -5) + -1 - (-4 + 14)?
-4
Evaluate -14 + -7 - (106 + -110).
-17
Calculate (14 - (-4 + 10)) + (-10 - 0).
-2
Calculate (6 - -4) + (26 - (1 + 2)).
33
What is the value of 5 - (20 + -33 + 15 - (2 - -8))?
13
Calculate -45 + 16 + 1 + -10 + 5 - -10.
-23
Evaluate -9 + 1 - (19 + (21 - (23 - 3))).
-28
What is the value of (-3 - -1) + 0 + -1 - (1 + -12)?
8
Evaluate 4 + -1 + -7 + (9 - 3).
2
7 - (3 + (-12 - -8) + -2)
10
What is the value of (-13 - -6) + 3 - (11 - (19 + -9))?
-5
What is the value of (-9 - (-30 - -43)) + 0 + 9 + -7?
-20
Evaluate (9 - (0 + -9)) + -9 - -6.
15
Calculate 10 + (-23 - -3 - -10).
0
Evaluate -17 + 12 - (-5 - (0 + -13)).
-13
71 - 2 - 74 - (-29 + 0)
24
What is the value of -7 + 13 + 0 - -23?
29
What is 5 - 0 - (-6 - (1 - -8))?
20
What is 12 + -4 + (-15 - -15)?
8
What is -11 + (-6 - -27) - 5?
5
Calculate -21 + 28 - ((1 - -1) + (-12 - -12)).
5
Evaluate (9 + (-1 - -1) - (-255 + 261)) + -14.
-11
What is 7 - (-1 - 0 - 0)?
8
Calculate -8 - (13 + -13) - (-5 + -6 - 5).
8
What is 9 + -8 + 0 - -14?
15
Calculate -19 - 6 - -9 - -34.
18
Evaluate -1 - -39 - (73 + -83 - (-19 - -1)).
30
-12 - (4 - 31 - -4)
11
What is 22 - (45 - 23) - 14?
-14
(-16 - -3) + (25 + -3 - 33)
-24
What is 15 + -47 + 14 + -16 - -11?
-23
What is -7 - (20 - 5 - (11 + -3))?
-14
(-12 - -3) + 41 - 3
29
Evaluate (-5 - 25) + 18 - -2.
-10
10 + (76 + -73 - (0 - (-2 + -4)))
7
What is 57 + -7 + -6 - 20?
24
What is the value of (-185 - -192) + (2 - -2 - 2)?
9
What is the value of -22 + (8 - (-16 + -6))?
8
What is the value of -6 + ((4 - -14) + 1 - (3 - -6))?
4
-1 + -7 + (-1 - (-7 + 1 + -5))
2
-4 - (4 - 1) - ((22 - 16) + -12)
-1
What is the value of 0 + -2 + 245 + -237?
6
3 - (11 + (11 - -13) + -11)
-21
Calculate -74 + 55 - (-4 - (0 + 3)).
-12
-25 - (7 - 17) - (7 + 1)
-23
Evaluate 4 + -9 + 12 + (8 - 28).
-13
What is -5 - -1 - ((-16 - -3) + 31 + -39)?
17
What is -26 - (-2 - (-28 + 30))?
-22
Calculate (33 - 11 - 2) + 3 - 7.
16
What is -12 - -4 - (-6 - -9 - -3 - 45)?
31
What is the value of 64 + -42 + (2 - 20)?
4
9 - (5 - 2) - -5
11
What is the value of 2 + (-8 - -1) + (8 - 7)?
-4
What is the value of -1 + -4 + 1 + 3 + -3 + 18?
14
Evaluate (-23 - ((-3 - (2 - 1)) + -3)) + -8.
-24
Evaluate (0 + 1 - (-18 + 9 + 4)) + 6.
12
3 - 0 - (-27 - (-34 - -1))
-3
What is -85 + 80 - ((6 - -6) + -4)?
-13
(7 - 0) + (-2 - (-16 - -8)) + -26
-13
6 - (5 + (-2 - (-2 - -5)))
6
What is the value of 4 + -1 - (9 - (0 - -10)) - 7?
-3
Calculate -131 + 133 - (1 - -9) - -16.
8
What is -12 - (2 - (22 + -2))?
6
What is the value of (-1 - 7) + (719 - 719)?
-8
What is the value of (-1 - -2) + (11 + 7 - 19) - 13?
-13
What is (-9 - ((16 - 5) + -8)) + 5?
-7
Calculate (-6 + 20 - 17) + 15.
12
Evaluate 3 + -11 + 11 + (0 - -11).
14
What is (-95 - -112) + -1 + -9?
7
Evaluate -11 + (0 - -1) + -24 + 11.
-23
What is 8 - 13 - (-36 + 34)?
-3
What is -7 + (-22 - (9 + 1 + -15))?
-24
Evaluate 12 + 0 - (90 - 74).
-4
What is 2 + 8 - (8 + -7 - -2)?
7
What is the value of -10 + (-1 + 0 - (69 - 73))?
-7
Calculate (3 - (2 + -7)) + (-1 - 9) + 17.
15
What is the value of (-15 - (8 + -20)) + (-1 - 2)?
-6
What is -9 + 0 + 423 + -404?
10
Evaluate (0 - 3 - 1) + (-11 - (4 + -18)).
-1
What is -1 - (2 + 12 + -14)?
-1
Calculate -4 + 0 + (-21 - 6 - 5 - -17).
-19
-10 + 8 + (-15 - 2)
-19
Evaluate -5 + 0 + -3 - (-24 + 18).
-2
What is the value of (-7 - -5) + 13 + -30 - -14?
-5
What is the value of 0 - -16 - 21 - -3?
-2
What is the value of 10 + 8 + 24 + -71?
-29
Evaluate (-5 - 0 - 1) + -79 + 74.
-11
Evaluate (-7 + -2 - -12) + -10.
-7
Evaluate -10 - ((2 - 12) + -8).
8
What is the value of 17 - ((2 - 18) + 19)?
14
What is 4 + (5 + (5 - 4) - 5) - -4?
9
What is 10 + -11 + -1 - -9 - 11?
-4
What is the value of 56 - 52 - (18 + -12 + 6 - 3)?
-5
Evaluate -4 + -4 + 3 - 0 - (-13 - -2).
6
8 - (-1 - -13) - (-1 - -5)
-8
Calculate 107 + -106 + (0 - -2) + 19.
22
Calculate 17 + (4 - (-16 - -17)).
20
What is 5 - 9 - (0 + 18 + -6 + -2)?
-14
-13 + (12 - 8) + 6 + 1
-2
Evaluate (-4 + (6 - 4) - -2) + 88 + -94.
-6
4 + (-6 - (-4 + 10)) + (14 - -21)
27
Calculate ((12 - 5) + -16 - -18) + 0.
9
What is 1 + -10 - (-4 + 3 + -2)?
-6
What is 8 + (8 + -21 - 6) - 4?
-15
Calculate -7 + (-9 - (10 - -9 - 13)).
-22
(4 - -15 - 18) + 11
12
1 + -11 - (14 - (-9 - -7))
-26
What is -27 + 1 + 508 + -503 + 1 + 1?
-19
Calculate -93 - -104 - (-2 + 1 + 1).
11
What is 632 - 636 - (-1 + -28)?
25
Calculate 5 + (7 - (0 - -8)) + (3 - 4).
3
5 - (-11 - 5) - (6 - 2 - -1)
16
What is the value of 7 + -4 + 7 - -5?
15
Calculate 17 - ((-15 + 11 - -8) + 16).
-3
-3 + (29 - (24 + -10))
12
What is the value of -19 + (3 - -12) + (20 - -3) + -4?
15
What is -2 - 11 - -9 - 12?
-16
Evaluate -12 + 23 - (8 + -1).
4
What is 24 + -37 + (-3 - -4 - -10) - 10?
-12
Evaluate 18 - (20 + (-9 - 4)).
11
What is 68 + -33 + (1 - 41)?
-5
What is the value of (-135 - -125) + 0 + 4?
-6
Evaluate 1 + -7 - (-706 + 695).
5
Calculate 4 + 28 - (11 + -5 + -4) - 10.
20
-1517 - -1521 - (0 - 1)
5
((-6 - -8) + -8 - 1) + (-1 - -10)
2
Evaluate 2 - ((-20 - 13) + 34).
1
What is 8 + 0 + -7 + 6 - 0?
7
(-3 - (-2 + -9)) + 2